 l**5/60 - l**4/12 - l**3/6 - 8*l**2. Give j(-1).
3
Let l = 26 + -14. Let i(h) = 1 - 5 - l*h + 13*h. Suppose 3*g - 15 = 3*a, -3*g = 5*a - 2*g + 19. What is i(a)?
-8
Let o(h) = h**3 - 5*h**2 - 6*h. Let m be o(6). Let c(y) = 17*y**2 + 10 - 7*y**2 - 11*y**2. What is c(m)?
10
Let z(o) be the first derivative of -o**2 + 4*o - 2. Suppose -9 + 29 = 4*f. Calculate z(f).
-6
Let w(o) = o**2 - 5*o - 1. Suppose 2*m + 0*m - 19 = 5*g, -2 = -m - 5*g. What is w(m)?
13
Let w(v) be the first derivative of v + 2 + 1/3*v**3 - 1/2*v**2. Let f(a) = a**3 - a**2 + 10*a - 3. Let r(y) = -f(y) - 6*w(y). Determine r(-4).
-3
Let j(x) be the second derivative of -1/60*x**5 - 1/12*x**4 + 1/3*x**3 + 0 - x - x**2. Let n(o) be the first derivative of j(o). Determine n(-4).
-6
Let m = -1 + 3. Let o(r) = 3*r + 1 - 2 - 4*r + m*r. Calculate o(-2).
-3
Let x(q) = 4*q - 1. Let a(g) be the first derivative of -g**3/3 - 9*g**2/2 - 10*g - 1. Suppose 50 = -5*w + 10. Let y be a(w). Calculate x(y).
-9
Let b(z) be the first derivative of 2*z**3/3 + 3*z**2/2 - 3*z - 2. Let l = -23 - -25. Give b(l).
11
Let t(q) = q**3 - 2*q**2 + 1. Suppose -12 = 4*i - 16. Give t(i).
0
Let q(t) = 3*t**3 - 3*t**3 + 3*t - 4 - t**3 - 199*t**2 + 200*t**2. Determine q(3).
-13
Let t(l) = l**3 - 6*l**2 - 8*l + 3. Let o be t(7). Let g(s) be the first derivative of -s + 1/2*s**2 - 1. What is g(o)?
-5
Let v(m) = 2*m**2 - 7*m**2 + 3 - 2*m + 2*m**2 + m**3. Let f = 6 - 1. Suppose -3*a = -0*a - t - 7, -5*a = -5*t - f. Calculate v(a).
-3
Suppose -m = -l + 5, 0*m + m = 3*l - 13. Suppose 2*u = -5*x + 19, l*x = -0*x + u + 10. Let d(h) = -2*h - 4. Give d(x).
-10
Let a(b) = 3*b. Let z be 4*4/4 + -1. Determine a(z).
9
Let f(s) = s**2 - 3*s + 1. Let q be f(3). Let b be 0/1 - (1 - 0). Let m = b + q. Let j(c) = c - 2. Give j(m).
-2
Let z(c) = -c - 4. Let n = 1 - -1. Suppose -3*k + 25 = n*k. Suppose -17 = k*v + 2*s - 0*s, 3*v + 3 = -3*s. Determine z(v).
1
Suppose 0*o + 4*o = 12. Let f(z) = z**2 + 12 - z + z**o - 2*z + 5*z - z. Give f(0).
12
Let y(p) = 2*p**2 - 5*p + 2. Suppose -4*k + 6*k - 6 = 0. Suppose 4*b - 3*b = k. Calculate y(b).
5
Let p = 0 + 1. Let y(n) be the third derivative of -n**5/15 - n**3/6 - 29*n**2 + 6. Give y(p).
-5
Let j(v) = -v**3 + 7*v**2 - 8*v. Suppose -x - 3*y + 0 = -9, 5*y + 25 = 5*x. What is j(x)?
-12
Let k(v) = -6 - v**2 + 0*v - v - 5*v. Let h be (-3)/(-2)*8/(-3). Let c be k(h). Let y(l) = l**2 - 2*l + 1. What is y(c)?
1
Suppose -3*j = -c + 4*c - 18, -j = -1. Suppose -2*i = 3*u + 10, -u + c*i + 29 - 4 = 0. Let l(y) = 1 - 2*y + u*y**3 + y**3 - 3*y**3 + 2*y**2. Give l(1).
-1
Let k(o) = -o + 4. Suppose -2*s - 1 - 3 = 0. Let w be -1*(-5 + 4 + s). Suppose -3*d = -w - 6. Calculate k(d).
1
Let k(b) = -5*b - 4. Let g(w) = -w - 1. Let f(r) = 3*g(r) - k(r). Let h = -6 + -5. Let l = 8 + h. Calculate f(l).
-5
Let u(n) = n**3 + 6*n**2 + 4. Let x = 16 + -7. Suppose 6 = x*f - 10*f. What is u(f)?
4
Let j(o) = -15*o**3 + 11*o**2 - 13*o + 19. Let q(a) = 7*a**3 - 5*a**2 + 6*a - 9. Let x(p) = 6*j(p) + 13*q(p). Let c be x(0). Let k(r) = r + 4. Give k(c).
1
Let x(k) be the second derivative of -k**5/20 - 2*k**4/3 - k**3/6 - 3*k**2/2 + 37*k. Calculate x(-8).
5
Let l(x) = 3*x**2 + 6*x. Let z(p) = 4*p**2 + 7*p + 1. Let i(a) = -3*l(a) + 2*z(a). Calculate i(-4).
2
Let h(b) = -b**2 - 6*b + 1. Let u(l) = -2*l**2 - 11*l + 2. Let g(r) = 5*h(r) - 3*u(r). Let t = 19 + -23. Determine g(t).
3
Let y(u) be the first derivative of u**2 + 4*u - 30. Give y(7).
18
Let b(o) = -o**2 - 5*o + 4. Let y = 52 + -59. Give b(y).
-10
Let c(i) = -i**3 + 2*i**2 + 5*i + 2. Let k = -65 - -69. What is c(k)?
-10
Let l(z) be the third derivative of z**5/60 + 5*z**4/24 + 5*z**3/6 - 7*z**2. Give l(-5).
5
Let f(i) = i. Let v(b) = -b**3 + 6*b**2 + 5*b + 9. Let c be v(7). Let x = c - 0. Calculate f(x).
-5
Let p = -1 - -3. Let i(u) = u**3 - u**2 - 4 - 2*u**2 - 2*u**p - 2. Give i(5).
-6
Suppose 4*r - 3*f + 27 = r, 0 = 2*f - 4. Let o(h) = h**3 + 8*h**2 + 6*h - 4. Give o(r).
3
Suppose -2*x + 5*z + 17 = 0, -x + 2*z = -2*z - 16. Let l(m) = -81*m**2 - 3 + 37*m**2 + 43*m**2 - 2*m - 4*m. Determine l(x).
5
Let v(r) = r - 1. Let s(a) = 3*a**2 - 32*a + 35. Let x(y) = -y**2 + 11*y - 12. Let o(c) = -4*s(c) - 11*x(c). Let w(i) = -o(i) + 6*v(i). Determine w(-2).
8
Let g(r) = r**2 + 5*r - 2. Suppose 4*x + x + 45 = 0. Let s be (x/(-6) - -1)*-2. Let z = -9 - s. What is g(z)?
-6
Let t = 6 + -1. Suppose l = t*l. Let n(a) be the third derivative of -a**4/24 + 5*a**3/6 + 2*a**2. Determine n(l).
5
Let i(f) = 2*f + 1. Let y be i(-1). Let h(a) = 7*a**2 - 4 - 1 + 4 - 6*a**2. Calculate h(y).
0
Let j = 24 + -28. Let a(i) = 3*i**3 - 10*i**2 + 3*i + 13. Let p(t) = -t**3 + 5*t**2 - t - 6. Let l(h) = -2*a(h) - 5*p(h). What is l(j)?
-8
Let u(p) = -4*p - 6*p**2 + 8*p - 2*p + 1. Calculate u(-1).
-7
Let k(h) be the first derivative of -3*h**4/4 - h + 5. Calculate k(-1).
2
Suppose 2*v - 2*n + 20 = -0*v, 2*n - 15 = v. Let m(b) = b**3 + 4*b**2 - 2*b - 3. Give m(v).
-18
Let n = -31 + 27. Let q(k) = -4*k. What is q(n)?
16
Suppose 2*l - 7*l + 16 = -2*q, -l + 12 = 4*q. Let w(z) = q*z**3 - 3*z**3 + 7 - 3 + 5*z - z**2. Determine w(-3).
7
Let p(n) = -n - 6. Let d be (-10)/2*24/30. Determine p(d).
-2
Let x(s) = -2*s**3 - s**2. Let u(m) = 5*m**3 + 3*m**2 + m + 1. Let a(z) = 3*u(z) + 7*x(z). Let c be (-1)/((-2)/(-12)*3). Give a(c).
-3
Let a(l) = l**2 - 4*l - 5. Suppose 6*s = 2*s - 5*t + 21, 2*s + 22 = 4*t. Let n be 5/1*(2 + s). Let z be a(n). Let f(u) = u**3 + 2. Calculate f(z).
2
Suppose -5*a + v = 2*v - 13, -5 = 2*a - 3*v. Let i(d) = -1 + 2*d - 3*d**2 + 2*d + a - 3*d. Calculate i(2).
-9
Let a(q) = -q**3 - 3*q**2 + 2*q + 1. Suppose 3*d - 9 = 4*r + 10, 0 = 3*d - 3. What is a(r)?
9
Let j(f) = 2*f**2 + 6*f - 7. Let t(y) = 15*y + 2*y**2 - 8 - 6*y - 2*y. Suppose -4*z + 2*q + 15 = 7*q, -2*z = 3*q - 7. Let w(n) = z*j(n) - 4*t(n). What is w(2)?
9
Let r(v) = 3*v - 19. Let d(m) = -m + 10. Let u(s) = 5*d(s) + 2*r(s). Let l = 6 - 12. Give u(l).
6
Let w(k) = k**3 + 4*k**2 - 3*k - 1. Suppose 35 = 11*d - 18*d. Give w(d).
-11
Let h(q) be the second derivative of q**5/20 + q**4/4 + q**3/6 - q**2 + 2*q. Let y(v) = v**3 + 5*v**2 - 5*v + 3. Let r be y(-6). Calculate h(r).
-5
Let k(i) be the third derivative of -i**5/60 - i**4/3 - 2*i**3/3 + 8*i**2. Give k(-6).
8
Suppose 5*u - 22*u - 34 = 0. Let y(a) be the third derivative of -a**4/6 + a**3/6 + a**2. Give y(u).
9
Let n(i) be the second derivative of 0 + 1/6*i**4 - 3/2*i**2 - 1/3*i**3 + 11*i. Let h(y) = -y**3 - 4*y**2 - 3*y - 2. Let j be h(-3). What is n(j)?
9
Let t be 20/18 + 6/27. Let j(r) be the first derivative of 1/4*r**4 - r - t*r**3 + 1/2*r**2 - 1. Determine j(3).
-7
Let c(r) be the second derivative of 0*r**3 - 1/12*r**4 - r + 1/2*r**2 - 7/20*r**5 + 0. Determine c(-1).
7
Let p(d) = -117 + 112 - d**3 + 6*d**2 - d**2 - 2*d. Let w be (-2)/5 - 34/(-10). Suppose 0*b - 5*l = w*b - 32, -5*b + 3*l = -8. Give p(b).
3
Let b(q) = q**3 - 7*q**2 + 6*q + 2. Let z be b(6). Let u(g) = -4*g**2 + 4*g**z + 3*g - 2*g**2 + 3. What is u(3)?
-6
Suppose -d + 6*d - 40 = 0. Suppose 4*l - 4 = d. Let h(n) = -n**3 + n**2 + 5*n - 2. What is h(l)?
-5
Let i be 40/22 - 4/(-22). Let l(q) = -5 + 0*q**i + 2*q + 2*q + q**2. Let f(g) = 2*g. Let b be f(-2). Determine l(b).
-5
Let r(k) be the first derivative of k**3/6 - 2*k + 1. Let a(t) be the first derivative of r(t). Let v(c) = -c - 8. Let m(o) = -2*a(o) - v(o). Determine m(5).
3
Let x = -5 + 4. Let y(l) be the third derivative of l**7/1260 + l**6/360 + l**5/120 - l**4/24 - l**2. Let b(t) be the second derivative of y(t). Calculate b(x).
1
Let k(s) = -2*s**2 + 11. Let j(l) = l**2 - l + 1. Let i(a) = j(a) + k(a). Determine i(0).
12
Let n(r) = 3*r - 2. Suppose a - 19 = -a + 5*z, -4*z = -5*a + 39. Let w be 12/a - 2/(-7). Calculate n(w).
4
Let z(b) = -2*b**3 - 17*b**2 + 3*b - 1. Let v(n) = -n**3 - 8*n**2 + n - 1. Let c(i) = 7*v(i) - 3*z(i). Give c(-5).
6
Let l = -4 - -14. Let g = l - 15. Let o(v) = -v**2 - 3*v + 7. What is o(g)?
-3
Let b(z) = z**3 + 3*z**2 + 2*z + 3. Let n be b(-2). Let i(k) = k**3 - 3*k**2 - k + 2. Determine i(n).
-1
Let z(d) = -d**2 - d + 2. Let u = -68 + 65. Determine z(u).
-4
Let f(w) be the first derivative of 3/2*w**2 + 1 - 3*w + 5/3*w**3 + 1/4*w**4. Let d = -19 - -16. Calculate f(d).
6
Let r(n) = n**2 - n - 3. Suppose 9 - 1 = 4*o. Suppose o*i 